the thousands digit of 11468795?
8
What is the tens digit of 813441?
4
What is the hundred thousands digit of 5592079?
5
What is the hundred thousands digit of 253999?
2
What is the units digit of 4118692?
2
What is the hundred thousands digit of 121520?
1
What is the hundreds digit of 3025401?
4
What is the ten thousands digit of 35923085?
2
What is the hundreds digit of 5337872?
8
What is the millions digit of 8689307?
8
What is the hundreds digit of 1962783?
7
What is the ten thousands digit of 87589?
8
What is the tens digit of 427800?
0
What is the thousands digit of 3139?
3
What is the hundred thousands digit of 123156?
1
What is the units digit of 554408?
8
What is the thousands digit of 3118223?
8
What is the hundreds digit of 6682530?
5
What is the units digit of 2451107?
7
What is the hundreds digit of 4369071?
0
What is the units digit of 1313671?
1
What is the tens digit of 207205?
0
What is the thousands digit of 5037238?
7
What is the thousands digit of 146855?
6
What is the ten thousands digit of 743105?
4
What is the tens digit of 26434229?
2
What is the ten thousands digit of 17545404?
4
What is the ten thousands digit of 15048020?
4
What is the hundred thousands digit of 4475584?
4
What is the hundreds digit of 878103?
1
What is the hundreds digit of 3151673?
6
What is the ten thousands digit of 22878?
2
What is the units digit of 88418?
8
What is the thousands digit of 4227400?
7
What is the tens digit of 749995?
9
What is the millions digit of 10968058?
0
What is the units digit of 3513201?
1
What is the hundreds digit of 5527609?
6
What is the units digit of 3338101?
1
What is the hundred thousands digit of 606936?
6
What is the hundreds digit of 1378270?
2
What is the ten thousands digit of 20922219?
2
What is the hundred thousands digit of 266016?
2
What is the units digit of 1873?
3
What is the units digit of 3941820?
0
What is the units digit of 1902326?
6
What is the thousands digit of 10070043?
0
What is the millions digit of 6843938?
6
What is the hundred thousands digit of 748901?
7
What is the thousands digit of 107681?
7
What is the tens digit of 8051293?
9
What is the thousands digit of 606996?
6
What is the thousands digit of 2726937?
6
What is the ten thousands digit of 318506?
1
What is the thousands digit of 263623?
3
What is the ten thousands digit of 498779?
9
What is the millions digit of 19566179?
9
What is the units digit of 2394481?
1
What is the thousands digit of 287127?
7
What is the millions digit of 2282927?
2
What is the millions digit of 28443483?
8
What is the hundred thousands digit of 8876938?
8
What is the ten thousands digit of 26832?
2
What is the units digit of 1341541?
1
What is the thousands digit of 13188?
3
What is the hundreds digit of 82878?
8
What is the ten millions digit of 14310263?
1
What is the hundreds digit of 466431?
4
What is the hundreds digit of 11709767?
7
What is the hundred thousands digit of 1084724?
0
What is the tens digit of 821242?
4
What is the hundred thousands digit of 1207162?
2
What is the hundreds digit of 226056?
0
What is the tens digit of 17172227?
2
What is the hundred thousands digit of 594479?
5
What is the units digit of 8936781?
1
What is the units digit of 4804869?
9
What is the units digit of 2885927?
7
What is the tens digit of 1110954?
5
What is the tens digit of 201738?
3
What is the ten thousands digit of 7855647?
5
What is the thousands digit of 3727807?
7
What is the hundreds digit of 771640?
6
What is the hundreds digit of 5080056?
0
What is the units digit of 2359038?
8
What is the hundreds digit of 768432?
4
What is the millions digit of 3408240?
3
What is the units digit of 1884826?
6
What is the hundreds digit of 5320678?
6
What is the tens digit of 196213?
1
What is the tens digit of 225129?
2
What is the hundreds digit of 844108?
1
What is the tens digit of 17007995?
9
What is the ten millions digit of 12299620?
1
What is the hundreds digit of 911316?
3
What is the millions digit of 1233335?
1
What is the ten thousands digit of 2401531?
0
What is the thousands digit of 945912?
5
What is the hundred thousands digit of 14130675?
1
What is the thousands digit of 201833?
1
What is the hundreds digit of 368217?
2
What is the hundreds digit of 86374?
3
What is the millions digit of 3236443?
3
What is the tens digit of 5022689?
8
What is the units digit of 13060154?
4
What is the units digit of 7553725?
5
What is the hundreds digit of 50459?
4
What is the thousands digit of 681599?
1
What is the millions digit of 7917223?
7
What is the units digit of 1137605?
5
What is the tens digit of 37673?
7
What is the units digit of 754872?
2
What is the thousands digit of 18362?
8
What is the hundred thousands digit of 523840?
5
What is the tens digit of 381962?
6
What is the hundred thousands digit of 7280059?
2
What is the hundred thousands digit of 7102489?
1
What is the tens digit of 2505417?
1
What is the hundred thousands digit of 683249?
6
What is the hundreds digit of 1190912?
9
What is the ten thousands digit of 3705869?
0
What is the ten thousands digit of 4455100?
5
What is the tens digit of 143075?
7
What is the tens digit of 687590?
9
What is the millions digit of 1937489?
1
What is the hundreds digit of 3871837?
8
What is the units digit of 112058?
8
What is the tens digit of 2180895?
9
What is the units digit of 8611172?
2
What is the tens digit of 2622558?
5
What is the thousands digit of 711206?
1
What is the hundreds digit of 158783?
7
What is the millions digit of 2290895?
2
What is the units digit of 363623?
3
What is the ten thousands digit of 561981?
6
What is the hundreds digit of 601609?
6
What is the tens digit of 205823?
2
What is the tens digit of 459307?
0
What is the units digit of 271292?
2
What is the hundreds digit of 1904412?
4
What is the ten thousands digit of 774616?
7
What is the thousands digit of 546188?
6
What is the millions digit of 1286671?
1
What is the ten thousands digit of 940906?
4
What is the units digit of 4356207?
7
What is the millions digit of 3237939?
3
What is the hundreds digit of 6008769?
7
What is the hundreds digit of 6879401?
4
What is the units digit of 5174246?
6
What is the units digit of 67113?
3
What is the tens digit of 877437?
3
What is the hundreds digit of 540323?
3
What is the ten thousands digit of 17683829?
8
What is the tens digit of 3279136?
3
What is the tens digit of 3057668?
6
What is the units digit of 1482205?
5
What is the tens digit of 3816635?
3
What is the thousands digit of 346213?
6
What is the units digit of 221908?
8
What is the ten thousands digit of 19353512?
5
What is the hundred thousands digit of 1279019?
2
What is the tens digit of 227918?
1
What is the millions digit of 1074549?
1
What is the millions digit of 2199471?
2
What is the units digit of 5461668?
8
What is the tens digit of 851153?
5
What is the ten thousands digit of 199168?
9
What is the millions digit of 2330876?
2
What is the ten millions digit of 22197895?
2
What is the hundreds digit of 2621081?
0
What is the ten millions digit of 22209920?
2
What is the hundreds digit of 15327925?
9
What is the ten thousands digit of 138697?
3
What is the ten thousands digit of 115436?
1
What is the ten thousands digit of 415472?
1
What is the millions digit of 1580501?
1
What is the ten thousands digit of 2378322?
7
What is the tens digit of 5828116?
1
What is the ten thousands digit of 6707265?
0
What is the millions digit of 3241213?
3
What is the units digit of 621664?
4
What is the millions digit of 1849079?
1
What is the ten thousands digit of 11426371?
2
What is the hundred thousands digit of 1473366?
4
What is the tens digit of 545378?
7
What is the units digit of 10357642?
2
What is the millions digit of 1397009?
1
What is the hundred thousands digit of 5745158?
7
What is the units digit of 49456?
6
What is the thousands digit of 272903?
2
What is the thousands digit of 433369?
3
What is the ten thousands digit of 12515059?
1
What is the hundreds digit of 40040074?
0
What is the thousands digit of 7967606?
7
What is the thousands digit of 9674407?
4
What is the hundred thousands digit of 5092814?
0
What is the ten thousands digit of 4791334?
9
What is the thousands digit of 1303242?
3
What is th